{"id":147,"date":"2014-04-21T15:55:52","date_gmt":"2014-04-21T13:55:52","guid":{"rendered":"http:\/\/www.issigeac.info\/?page_id=147"},"modified":"2022-06-07T18:10:43","modified_gmt":"2022-06-07T16:10:43","slug":"dechetterie","status":"publish","type":"page","link":"http:\/\/www.issigeac.info\/?page_id=147","title":{"rendered":"D\u00e9chetterie"},"content":{"rendered":"<p>T\u00e9l. : 05 53 73 34 46.<\/p>\n<p>Issigeac, route de Saint-L\u00e9on.<br \/>Pensez \u00e0 vous munir de votre carte. Plus de renseignement aupr\u00e8s du SMD3 :<br \/>05 53 58 55 55.<br \/>Point information : 3 rue \u00c9mile Zola \u00e0 Bergerac.<\/p>\n<h4>Horaires de la d\u00e9ch\u00e8terie d&#8217;Issigeac :<\/h4>\n<h4>Toute l&#8217;ann\u00e9e (sauf juillet et ao\u00fbt)<\/h4>\n<h4>&#8211;&gt; lundi, mercredi, vendredi : 14-17h45 \/ samedi : 9h-12h et 14h-17h45<\/h4>\n<h4>Juillet et ao\u00fbt :<\/h4>\n<h4>&#8211;&gt; lundi, mercredi et samedi : 7h30-13h<\/h4>\n<p><a style=\"line-height: 1.5;\" title=\"R\u00e9pertoire\" href=\"http:\/\/www.issigeac.info\/?page_id=29\">Autres services<\/a><\/p>\n\n\n<p><\/p>\n","protected":false},"excerpt":{"rendered":"<p>T\u00e9l. : 05 53 73 34 46. Issigeac, route de Saint-L\u00e9on.Pensez \u00e0 vous munir de votre carte. Plus de renseignement aupr\u00e8s du SMD3 :05 53 58 55 55.Point information : <a class=\"more-link\" href=\"http:\/\/www.issigeac.info\/?page_id=147\">Suite&hellip; &rarr;<\/a><\/p>\n","protected":false},"author":1,"featured_media":2173,"parent":29,"menu_order":0,"comment_status":"closed","ping_status":"open","template":"","meta":{"footnotes":""},"class_list":["post-147","page","type-page","status-publish","has-post-thumbnail","hentry"],"_links":{"self":[{"href":"http:\/\/www.issigeac.info\/index.php?rest_route=\/wp\/v2\/pages\/147","targetHints":{"allow":["GET"]}}],"collection":[{"href":"http:\/\/www.issigeac.info\/index.php?rest_route=\/wp\/v2\/pages"}],"about":[{"href":"http:\/\/www.issigeac.info\/index.php?rest_route=\/wp\/v2\/types\/page"}],"author":[{"embeddable":true,"href":"http:\/\/www.issigeac.info\/index.php?rest_route=\/wp\/v2\/users\/1"}],"replies":[{"embeddable":true,"href":"http:\/\/www.issigeac.info\/index.php?rest_route=%2Fwp%2Fv2%2Fcomments&post=147"}],"version-history":[{"count":10,"href":"http:\/\/www.issigeac.info\/index.php?rest_route=\/wp\/v2\/pages\/147\/revisions"}],"predecessor-version":[{"id":2583,"href":"http:\/\/www.issigeac.info\/index.php?rest_route=\/wp\/v2\/pages\/147\/revisions\/2583"}],"up":[{"embeddable":true,"href":"http:\/\/www.issigeac.info\/index.php?rest_route=\/wp\/v2\/pages\/29"}],"wp:featuredmedia":[{"embeddable":true,"href":"http:\/\/www.issigeac.info\/index.php?rest_route=\/wp\/v2\/media\/2173"}],"wp:attachment":[{"href":"http:\/\/www.issigeac.info\/index.php?rest_route=%2Fwp%2Fv2%2Fmedia&parent=147"}],"curies":[{"name":"wp","href":"https:\/\/api.w.org\/{rel}","templated":true}]}}