{"id":2792,"date":"2023-01-07T17:31:30","date_gmt":"2023-01-07T15:31:30","guid":{"rendered":"http:\/\/www.issigeac.info\/?page_id=2792"},"modified":"2025-08-13T20:56:21","modified_gmt":"2025-08-13T18:56:21","slug":"vr","status":"publish","type":"page","link":"http:\/\/www.issigeac.info\/?page_id=2792","title":{"rendered":"AR"},"content":{"rendered":"\n<p>Issigeac en r\u00e9alit\u00e9 augment\u00e9e, c&#8217;\u00e9tait possible\u2026 Les exp\u00e9riences ci-dessous utilisaient le logiciel Aero d&#8217;Adobe. Cette soci\u00e9t\u00e9 a d\u00e9cid\u00e9 de stopper son utilisation d\u00e9but d\u00e9cembre 2025. Nous ne la remercions pas. Nos exp\u00e9riences reprendront si nous trouvons un prestataire plus fiable.<\/p>\n\n\n\n<p>Les liens ci-dessous, \u00e0 utiliser avec un iPhone X ou ult\u00e9rieur, iPad (voir mat\u00e9riel requis pour <a href=\"https:\/\/helpx.adobe.com\/fr\/aero\/system-requirements.html\" data-type=\"URL\" data-id=\"https:\/\/helpx.adobe.com\/fr\/aero\/system-requirements.html\">Aero<\/a>), invitaient \u00e0 vivre une exp\u00e9rience de r\u00e9alit\u00e9 augment\u00e9e.<\/p>\n\n\n\n<p>Le <a href=\"https:\/\/adobeaero.app.link\/EDozgBQFuFb\" data-type=\"link\" data-id=\"https:\/\/adobeaero.app.link\/EDozgBQFuFb\">village<\/a> sur la place de l&#8217;\u00c9glise (ancrage en r\u00e9alit\u00e9 augment\u00e9e par g\u00e9olocalisation).<\/p>\n\n\n\n<figure class=\"wp-block-image size-full\"><a href=\"https:\/\/adobeaero.app.link\/EDozgBQFuFb\"><img loading=\"lazy\" decoding=\"async\" width=\"960\" height=\"719\" src=\"http:\/\/www.issigeac.info\/wp-content\/uploads\/2024\/01\/AR-Issigeac-place-eglise.jpg\" alt=\"\" class=\"wp-image-3071\" srcset=\"http:\/\/www.issigeac.info\/wp-content\/uploads\/2024\/01\/AR-Issigeac-place-eglise.jpg 960w, http:\/\/www.issigeac.info\/wp-content\/uploads\/2024\/01\/AR-Issigeac-place-eglise-300x225.jpg 300w, http:\/\/www.issigeac.info\/wp-content\/uploads\/2024\/01\/AR-Issigeac-place-eglise-768x575.jpg 768w\" sizes=\"auto, (max-width: 960px) 100vw, 960px\" \/><\/a><\/figure>\n\n\n\n<p>Le <a href=\"https:\/\/adobeaero.app.link\/yDmupkbkywb\">palais des \u00c9v\u00eaques<\/a> en mod\u00e8le r\u00e9duit, \u00e0 placer sur une surface plane.<\/p>\n\n\n\n<figure class=\"wp-block-image\"><a href=\"https:\/\/adobeaero.app.link\/yDmupkbkywb\"><img decoding=\"async\" src=\"http:\/\/www.issigeac.info\/wp-content\/uploads\/2023\/03\/provisoire.png\" alt=\"\"\/><\/a><\/figure>\n\n\n\n<figure class=\"wp-block-table\"><table><tbody><tr><td class=\"has-text-align-center\" data-align=\"center\">La <strong>maison des d\u00eemes<\/strong> (<a href=\"https:\/\/adobeaero.app.link\/5zVvIDxkgxb\">ancrage par GPS<\/a> ou <a href=\"https:\/\/adobeaero.app.link\/z3P1yYa48zb\">par la fa\u00e7ade<\/a>*), son sarcophage, <br>les fondations d&#8217;une salle octogonale, et bien plus encore !<br>N&#8217;h\u00e9sitez pas \u00e0 regarder autour de vous lors de cette exp\u00e9rience.<br><a href=\"https:\/\/adobeaero.app.link\/5zVvIDxkgxb\"><img decoding=\"async\" style=\"width: 256px;\" src=\"http:\/\/www.issigeac.info\/wp-content\/uploads\/2023\/04\/230316-Capture.png\" alt=\"\"><\/a><\/td><\/tr><tr><td class=\"has-text-align-center\" data-align=\"center\">La maison des t\u00eates <a href=\"https:\/\/adobeaero.app.link\/DypbZTyUPMb\">d\u00e9doubl\u00e9e<\/a>\u2026<br><strong>Attention !<\/strong> Depuis le 10 mai 2023, un bug emp\u00eache certaines exp\u00e9riences (marqu\u00e9es d&#8217;une ast\u00e9risque) de fonctionner correctement. Les autres exp\u00e9riences ont une obsolescence programm\u00e9e d\u00e9but d\u00e9cembre 2025\u2026)<a href=\"https:\/\/adobeaero.app.link\/yDmupkbkywb\"><\/a><\/td><\/tr><tr><td class=\"has-text-align-center\" data-align=\"center\">Le <a href=\"https:\/\/adobeaero.app.link\/PcWB5cxztwb\">palais des \u00c9v\u00eaques<\/a>* en taille r\u00e9elle \ud83d\ude31\u00e0 placer sur le QRCode que vous aurez imprim\u00e9 (id\u00e9alement plac\u00e9 devant la premi\u00e8re marche du perron). Ce test vous permet de voir le ch\u00e2teau avant et apr\u00e8s la d\u00e9molition de l&#8217;annexe de la tour est, en appuyant sur celle-ci ou sur le texte \u00e0 proximit\u00e9.<br><img decoding=\"async\" src=\"http:\/\/www.issigeac.info\/wp-content\/uploads\/2023\/01\/QR.jpg\" alt=\"\"><\/td><\/tr><\/tbody><\/table><\/figure>\n\n\n\n<p><\/p>\n\n\n\n<p>Le <a href=\"https:\/\/adobeaero.app.link\/uFnH2gkm9yb\" data-type=\"URL\" data-id=\"https:\/\/adobeaero.app.link\/uFnH2gkm9yb\">plan cadastral<\/a>* (en construction).<\/p>\n\n\n\n<p>Le <a href=\"https:\/\/adobeaero.app.link\/3gpeTlkjDwb\">caveau<\/a>* quand c&#8217;\u00e9tait une salle de cin\u00e9ma<br>(entre environ 1965 et 1979).<\/p>\n\n\n\n<figure class=\"wp-block-image\"><a href=\"https:\/\/adobeaero.app.link\/3gpeTlkjDwb\"><img decoding=\"async\" src=\"http:\/\/www.issigeac.info\/wp-content\/uploads\/2023\/04\/IMG_0076.png\" alt=\"\"\/><\/a><\/figure>\n\n\n\n<p>Si vous \u00eates \u00e0 l&#8217;entr\u00e9e de l&#8217;hippodrome des <a href=\"https:\/\/adobeaero.app.link\/owzpl1Bb9zb\">Ey\u00e8res<\/a>, saurez-vous faire courir le chevalier ? Attention au dinosaure !<\/p>\n\n\n\n<p>Une <a href=\"https:\/\/adobeaero.app.link\/Je9nG1cL8zb\">baleine<\/a> dans la ban\u00e8ge ? Et pourquoi pas \ud83d\ude01\u2026 petit clin d&#8217;\u0153il au club de rugby, l&#8217;UAI, qui f\u00eate son centenaire en juin 2023. Une autre <a href=\"https:\/\/adobeaero.app.link\/WceHNSFM8zb\">version<\/a>, plus longue \u00e0 lancer.<\/p>\n","protected":false},"excerpt":{"rendered":"<p>Issigeac en r\u00e9alit\u00e9 augment\u00e9e, c&#8217;\u00e9tait possible\u2026 Les exp\u00e9riences ci-dessous utilisaient le logiciel Aero d&#8217;Adobe. Cette soci\u00e9t\u00e9 a d\u00e9cid\u00e9 de stopper son utilisation d\u00e9but d\u00e9cembre 2025. Nous ne la remercions pas. <a class=\"more-link\" href=\"http:\/\/www.issigeac.info\/?page_id=2792\">Suite&hellip; &rarr;<\/a><\/p>\n","protected":false},"author":1,"featured_media":0,"parent":0,"menu_order":0,"comment_status":"closed","ping_status":"closed","template":"","meta":{"footnotes":""},"class_list":["post-2792","page","type-page","status-publish","hentry"],"_links":{"self":[{"href":"http:\/\/www.issigeac.info\/index.php?rest_route=\/wp\/v2\/pages\/2792","targetHints":{"allow":["GET"]}}],"collection":[{"href":"http:\/\/www.issigeac.info\/index.php?rest_route=\/wp\/v2\/pages"}],"about":[{"href":"http:\/\/www.issigeac.info\/index.php?rest_route=\/wp\/v2\/types\/page"}],"author":[{"embeddable":true,"href":"http:\/\/www.issigeac.info\/index.php?rest_route=\/wp\/v2\/users\/1"}],"replies":[{"embeddable":true,"href":"http:\/\/www.issigeac.info\/index.php?rest_route=%2Fwp%2Fv2%2Fcomments&post=2792"}],"version-history":[{"count":48,"href":"http:\/\/www.issigeac.info\/index.php?rest_route=\/wp\/v2\/pages\/2792\/revisions"}],"predecessor-version":[{"id":3389,"href":"http:\/\/www.issigeac.info\/index.php?rest_route=\/wp\/v2\/pages\/2792\/revisions\/3389"}],"wp:attachment":[{"href":"http:\/\/www.issigeac.info\/index.php?rest_route=%2Fwp%2Fv2%2Fmedia&parent=2792"}],"curies":[{"name":"wp","href":"https:\/\/api.w.org\/{rel}","templated":true}]}}