{"id":366,"date":"2014-06-14T10:44:38","date_gmt":"2014-06-14T08:44:38","guid":{"rendered":"http:\/\/www.issigeac.info\/?page_id=366"},"modified":"2020-06-17T14:54:57","modified_gmt":"2020-06-17T12:54:57","slug":"le-marche","status":"publish","type":"page","link":"http:\/\/www.issigeac.info\/?page_id=366","title":{"rendered":"Le plus beau march\u00e9 d&#8217;Aquitaine !"},"content":{"rendered":"<p>Il est&nbsp;particuli\u00e8rement r\u00e9put\u00e9 et a lieu le dimanche matin (environ 8h-13h).<\/p>\n<p>Il accueille des centaines d&#8217;\u00e9tals dans les rues du village et des milliers de visiteurs. Attention \u00e0 bien vous garer dans l&#8217;un des nombreux parkings \u00e0 proximit\u00e9.<\/p>\n<p>Voici une vid\u00e9o de 5 mn pr\u00e9sentant diff\u00e9rents points de vue du march\u00e9 : la place des marronniers, la grand rue, la rue de Card\u00e9nal, la place de l&#8217;\u00e9glise\u2026<\/p>\n<div style=\"width: 480px;\" class=\"wp-video\"><!--[if lt IE 9]><script>document.createElement('video');<\/script><![endif]-->\n<video class=\"wp-video-shortcode\" id=\"video-366-1\" width=\"480\" height=\"270\" preload=\"metadata\" controls=\"controls\"><source type=\"video\/mp4\" src=\"http:\/\/www.issigeac.info\/wp-content\/uploads\/2014\/06\/March\u00e9-juin-2014-iPhone.m4v?_=1\" \/><a href=\"http:\/\/www.issigeac.info\/wp-content\/uploads\/2014\/06\/March\u00e9-juin-2014-iPhone.m4v\">http:\/\/www.issigeac.info\/wp-content\/uploads\/2014\/06\/March\u00e9-juin-2014-iPhone.m4v<\/a><\/video><\/div>\n<p>Certains week-ends, des manifestations viennent compl\u00e9ter le march\u00e9 comme le march\u00e9 aux fleurs (mai), la foire aux disques et \u00e0 la BD (juin), la foire aux paniers (juillet, voir&nbsp;<a href=\"http:\/\/biosphere-bassin-dordogne.fr\/bouyricou-patrimoine-bergeracois\/\">http:\/\/biosphere-bassin-dordogne.fr\/bouyricou-patrimoine-bergeracois\/<\/a>), la brocante (premier dimanche d&#8217;ao\u00fbt), la journ\u00e9e m\u00e9di\u00e9vale (deuxi\u00e8me dimanche d&#8217;ao\u00fbt), les M\u00e9talies (ao\u00fbt), la f\u00eate du potiron (octobre)\u2026<\/p>\n","protected":false},"excerpt":{"rendered":"<p>Il est&nbsp;particuli\u00e8rement r\u00e9put\u00e9 et a lieu le dimanche matin (environ 8h-13h). Il accueille des centaines d&#8217;\u00e9tals dans les rues du village et des milliers de visiteurs. Attention \u00e0 bien vous <a class=\"more-link\" href=\"http:\/\/www.issigeac.info\/?page_id=366\">Suite&hellip; &rarr;<\/a><\/p>\n","protected":false},"author":1,"featured_media":1998,"parent":240,"menu_order":0,"comment_status":"closed","ping_status":"open","template":"","meta":{"footnotes":""},"class_list":["post-366","page","type-page","status-publish","has-post-thumbnail","hentry"],"_links":{"self":[{"href":"http:\/\/www.issigeac.info\/index.php?rest_route=\/wp\/v2\/pages\/366","targetHints":{"allow":["GET"]}}],"collection":[{"href":"http:\/\/www.issigeac.info\/index.php?rest_route=\/wp\/v2\/pages"}],"about":[{"href":"http:\/\/www.issigeac.info\/index.php?rest_route=\/wp\/v2\/types\/page"}],"author":[{"embeddable":true,"href":"http:\/\/www.issigeac.info\/index.php?rest_route=\/wp\/v2\/users\/1"}],"replies":[{"embeddable":true,"href":"http:\/\/www.issigeac.info\/index.php?rest_route=%2Fwp%2Fv2%2Fcomments&post=366"}],"version-history":[{"count":8,"href":"http:\/\/www.issigeac.info\/index.php?rest_route=\/wp\/v2\/pages\/366\/revisions"}],"predecessor-version":[{"id":2001,"href":"http:\/\/www.issigeac.info\/index.php?rest_route=\/wp\/v2\/pages\/366\/revisions\/2001"}],"up":[{"embeddable":true,"href":"http:\/\/www.issigeac.info\/index.php?rest_route=\/wp\/v2\/pages\/240"}],"wp:featuredmedia":[{"embeddable":true,"href":"http:\/\/www.issigeac.info\/index.php?rest_route=\/wp\/v2\/media\/1998"}],"wp:attachment":[{"href":"http:\/\/www.issigeac.info\/index.php?rest_route=%2Fwp%2Fv2%2Fmedia&parent=366"}],"curies":[{"name":"wp","href":"https:\/\/api.w.org\/{rel}","templated":true}]}}

Le plus beau marché d&#8217;Aquitaine !

<p>Il est&nbsp;particulièrement réputé et a lieu le dimanche matin (environ 8h-13h).</p>
<p>Il accueille des centaines d&#8217;étals dans les rues du village et des milliers de visiteurs. Attention à bien vous garer dans l&#8217;un des nombreux parkings à proximité.</p>
<p>Voici une vidéo de 5 mn présentant différents points de vue du marché : la place des marronniers, la grand rue, la rue de Cardénal, la place de l&#8217;église…</p>
<div style="width: 480px;" class="wp-video"><!--[if lt IE 9]><script>document.createElement('video');</script><![endif]-->
<video class="wp-video-shortcode" id="video-366-1" width="480" height="270" preload="metadata" controls="controls"><source type="video/mp4" src="http://www.issigeac.info/wp-content/uploads/2014/06/Marché-juin-2014-iPhone.m4v?_=1" /><a href="http://www.issigeac.info/wp-content/uploads/2014/06/Marché-juin-2014-iPhone.m4v">http://www.issigeac.info/wp-content/uploads/2014/06/Marché-juin-2014-iPhone.m4v</a></video></div>
<p>Certains week-ends, des manifestations viennent compléter le marché comme le marché aux fleurs (mai), la foire aux disques et à la BD (juin), la foire aux paniers (juillet, voir&nbsp;<a href="http://biosphere-bassin-dordogne.fr/bouyricou-patrimoine-bergeracois/">http://biosphere-bassin-dordogne.fr/bouyricou-patrimoine-bergeracois/</a>), la brocante (premier dimanche d&#8217;août), la journée médiévale (deuxième dimanche d&#8217;août), les Métalies (août), la fête du potiron (octobre)…</p>

<p>Il est&nbsp;particulièrement réputé et a lieu le dimanche matin (environ 8h-13h). Il accueille des centaines d&#8217;étals dans les rues du village et des milliers de visiteurs. Attention à bien vous <a class="more-link" href="http://www.issigeac.info/?page_id=366">Suite&hellip; &rarr;</a></p>
