{"id":370,"date":"2014-06-14T11:17:19","date_gmt":"2014-06-14T09:17:19","guid":{"rendered":"http:\/\/www.issigeac.info\/?page_id=370"},"modified":"2020-06-17T15:46:40","modified_gmt":"2020-06-17T13:46:40","slug":"randonnees","status":"publish","type":"page","link":"http:\/\/www.issigeac.info\/?page_id=370","title":{"rendered":"Randonn\u00e9es"},"content":{"rendered":"<p>Le site du Pays du Grand Bergeracois vous propose un parcours de <a href=\"http:\/\/www.paysdebergerac.mobi\/itineraires\/visites-guidees\/detail\/327284\" target=\"_blank\" rel=\"noopener noreferrer\">visite comment\u00e9e<\/a> que vous pouvez suivre depuis votre&nbsp;smartphone.<\/p>\n<p>Vous trouverez ci-dessous&nbsp;quelques parcours propos\u00e9s par la communaut\u00e9 de communes Portes Sud P\u00e9rigord. La boucle d&#8217;issigeac et celle de Monsaguel vous sont propos\u00e9es&nbsp;sous forme d&#8217;une feuille A3. Le site de <a href=\"http:\/\/www.plaisance24.com\/spip.php?article77\" target=\"_blank\" rel=\"noopener noreferrer\">plaisance<\/a> les propose sous la forme de deux pages A4, tout comme l&#8217;ensemble des boucles qui sont reprises sur le site du pays du grand bergeracois (liens dans le tableau ci-dessous). L&#8217;ensemble est disponible au point d&#8217;information touristique situ\u00e9 dans le caveau du Palais des \u00e9v\u00eaques.<\/p>\n<p>&#8211; <a title=\"Fiche de la boucle d'Issigeac\" href=\"http:\/\/www.issigeac.info\/?page_id=372\" target=\"_blank\" rel=\"noopener noreferrer\">La boucle d&#8217;Issigeac<\/a>&nbsp;(A3)<br \/>\n&#8211; <a title=\"Carte de la boucle de Monsaguel\" href=\"http:\/\/www.issigeac.info\/?page_id=377\" target=\"_blank\" rel=\"noopener noreferrer\">La boucle de Monsaguel<\/a>&nbsp;(A3)<\/p>\n<table id=\"AutoNumber1\" border=\"1\" width=\"100%\" cellspacing=\"1\">\n<tbody>\n<tr>\n<td width=\"76%\" height=\"12\"><span style=\"font-family: 'Trebuchet MS'; font-size: small;\"><a href=\"http:\/\/www.pays-de-bergerac.com\/pages\/randonnees\/boucles\/Autour-d-Issigeac\/bardou-bardovienne\/index.asp\" target=\"_blank\" rel=\"noopener noreferrer\">Bardou &#8211; Boucle Bardovienne<\/a><\/span><\/td>\n<td align=\"center\" bgcolor=\"#339966\" width=\"24%\" height=\"12\"><span style=\"font-family: 'Trebuchet MS'; font-size: small;\">4,2 km<\/span><\/td>\n<\/tr>\n<tr>\n<td width=\"76%\" height=\"12\"><span style=\"font-family: 'Trebuchet MS'; font-size: small;\"><a href=\"http:\/\/www.pays-de-bergerac.com\/pages\/randonnees\/boucles\/Autour-d-Issigeac\/boisse-boucle-boisse\/index.asp\" target=\"_blank\" rel=\"noopener noreferrer\">Boisse &#8211; Boucle de Boisse<\/a><\/span><\/td>\n<td align=\"center\" bgcolor=\"#FF0000\" width=\"24%\" height=\"12\"><span style=\"font-family: 'Trebuchet MS'; font-size: small;\">19,1 km<\/span><\/td>\n<\/tr>\n<tr>\n<td width=\"76%\" height=\"12\"><span style=\"font-family: 'Trebuchet MS'; font-size: small;\"><a href=\"http:\/\/www.pays-de-bergerac.com\/pages\/randonnees\/boucles\/Autour-d-Issigeac\/conne-labarde-campna\/index.asp\" target=\"_blank\" rel=\"noopener noreferrer\">Conne de Labarde &#8211; Boucle de Campna<\/a><\/span><\/td>\n<td align=\"center\" bgcolor=\"#339966\" width=\"24%\" height=\"12\"><span style=\"font-family: 'Trebuchet MS'; font-size: small;\">4,3 km<\/span><\/td>\n<\/tr>\n<tr>\n<td width=\"76%\" height=\"12\"><span style=\"font-family: 'Trebuchet MS'; font-size: small;\"><a href=\"http:\/\/www.pays-de-bergerac.com\/pages\/randonnees\/boucles\/Autour-d-Issigeac\/conne-labarde-vallee\/index.asp\" target=\"_blank\" rel=\"noopener noreferrer\">Conne de Labarde &#8211; Boucle de la Vall\u00e9e<\/a><\/span><\/td>\n<td align=\"center\" bgcolor=\"#FFCC00\" width=\"24%\" height=\"12\"><span style=\"font-family: 'Trebuchet MS'; font-size: small;\">6.6 km<\/span><\/td>\n<\/tr>\n<tr>\n<td width=\"76%\" height=\"12\"><span style=\"font-family: 'Trebuchet MS'; font-size: small;\"><a href=\"http:\/\/www.pays-de-bergerac.com\/pages\/randonnees\/boucles\/Autour-d-Issigeac\/faux-falloise\/index.asp\" target=\"_blank\" rel=\"noopener noreferrer\">Faux &#8211; Boucle de la Falloise<\/a><\/span><\/td>\n<td align=\"center\" bgcolor=\"#FF0000\" width=\"24%\" height=\"12\"><span style=\"font-family: 'Trebuchet MS'; font-size: small;\">16,9 km<\/span><\/td>\n<\/tr>\n<tr>\n<td width=\"76%\" height=\"12\"><span style=\"font-family: 'Trebuchet MS'; font-size: small;\"><a href=\"http:\/\/www.pays-de-bergerac.com\/pages\/randonnees\/boucles\/Autour-d-Issigeac\/faux-boucle-faux\/index.asp\" target=\"_blank\" rel=\"noopener noreferrer\">Faux &#8211; Boucle de Faux<\/a><\/span><\/td>\n<td align=\"center\" bgcolor=\"#FFCC00\" width=\"24%\" height=\"12\"><span style=\"font-family: 'Trebuchet MS'; font-size: small;\">7,6 km<\/span><\/td>\n<\/tr>\n<tr>\n<td width=\"76%\" height=\"12\"><span style=\"font-family: 'Trebuchet MS'; font-size: small;\"><a href=\"http:\/\/www.pays-de-bergerac.com\/pages\/randonnees\/boucles\/Autour-d-Issigeac\/issigeac-boucle-issigeac\/index.asp\" target=\"_blank\" rel=\"noopener noreferrer\">Issigeac &#8211; Boucle d&#8217;Issigeac<\/a><\/span><\/td>\n<td align=\"center\" bgcolor=\"#FF0000\" width=\"24%\" height=\"12\"><span style=\"font-family: 'Trebuchet MS'; font-size: small;\">16,1 km<\/span><\/td>\n<\/tr>\n<tr>\n<td width=\"76%\" height=\"12\"><span style=\"font-family: 'Trebuchet MS'; font-size: small;\"><a href=\"http:\/\/www.pays-de-bergerac.com\/pages\/randonnees\/boucles\/Autour-d-Issigeac\/monmadales-boucle-monmadales\/index.asp\" target=\"_blank\" rel=\"noopener noreferrer\">Monmadal\u00e8s &#8211; Boucle de Monmadal\u00e8s<\/a><\/span><\/td>\n<td align=\"center\" bgcolor=\"#FFCC00\" width=\"24%\" height=\"12\"><span style=\"font-family: 'Trebuchet MS'; font-size: small;\">8.9 km<\/span><\/td>\n<\/tr>\n<tr>\n<td width=\"76%\" height=\"12\"><span style=\"font-family: 'Trebuchet MS'; font-size: small;\"><a href=\"http:\/\/www.pays-de-bergerac.com\/pages\/randonnees\/boucles\/Autour-d-Issigeac\/monmarves-boucle-nette\/index.asp\" target=\"_blank\" rel=\"noopener noreferrer\">Monmarv\u00e8s &#8211; Boucle de la Nette<\/a><\/span><\/td>\n<td align=\"center\" bgcolor=\"#FFCC00\" width=\"24%\" height=\"12\"><span style=\"font-family: 'Trebuchet MS'; font-size: small;\">6.5 km<\/span><\/td>\n<\/tr>\n<tr>\n<td width=\"76%\" height=\"12\"><span style=\"font-family: 'Trebuchet MS'; font-size: small;\"><a href=\"http:\/\/www.pays-de-bergerac.com\/pages\/randonnees\/boucles\/Autour-d-Issigeac\/monsaguel-boucle-monsaguel\/index.asp\" target=\"_blank\" rel=\"noopener noreferrer\">Monsaguel &#8211; Boucle de Monsaguel<\/a><\/span><\/td>\n<td align=\"center\" bgcolor=\"#FFCC00\" width=\"24%\" height=\"12\"><span style=\"font-family: 'Trebuchet MS'; font-size: small;\">9.8 km<\/span><\/td>\n<\/tr>\n<tr>\n<td width=\"76%\" height=\"12\"><span style=\"font-family: 'Trebuchet MS'; font-size: small;\"><a href=\"http:\/\/www.pays-de-bergerac.com\/pages\/randonnees\/boucles\/Autour-d-Issigeac\/montaut-boucle-marsalou\/index.asp\" target=\"_blank\" rel=\"noopener noreferrer\">Montaut &#8211; Boucle de Marsalou<\/a><\/span><\/td>\n<td align=\"center\" bgcolor=\"#FF0000\" width=\"24%\" height=\"12\"><span style=\"font-family: 'Trebuchet MS'; font-size: small;\">14,8 km<\/span><\/td>\n<\/tr>\n<tr>\n<td width=\"76%\" height=\"12\"><span style=\"font-family: 'Trebuchet MS'; font-size: small;\"><a href=\"http:\/\/www.pays-de-bergerac.com\/pages\/randonnees\/boucles\/Autour-d-Issigeac\/saint-aubin-cantelouve\/index.asp\" target=\"_blank\" rel=\"noopener noreferrer\">Saint Aubin de Lanquais &#8211; Boucle de Cantelouve<\/a><\/span><\/td>\n<td align=\"center\" bgcolor=\"#FFCC00\" width=\"24%\" height=\"12\"><span style=\"font-family: 'Trebuchet MS'; font-size: small;\">8 km<\/span><\/td>\n<\/tr>\n<tr>\n<td width=\"76%\" height=\"12\"><span style=\"font-family: 'Trebuchet MS'; font-size: small;\"><a href=\"http:\/\/www.pays-de-bergerac.com\/pages\/randonnees\/boucles\/Autour-d-Issigeac\/saint-aubin-phenix\/index.asp\" target=\"_blank\" rel=\"noopener noreferrer\">Saint Aubin de Lanquais &#8211; Boucle du Ph\u00e9nix<\/a><\/span><\/td>\n<td align=\"center\" bgcolor=\"#FFCC00\" width=\"24%\" height=\"12\"><span style=\"font-family: 'Trebuchet MS'; font-size: small;\">8,9 km<\/span><\/td>\n<\/tr>\n<tr>\n<td width=\"76%\" height=\"12\"><span style=\"font-family: 'Trebuchet MS'; font-size: small;\"><a href=\"http:\/\/www.pays-de-bergerac.com\/pages\/randonnees\/boucles\/Autour-d-Issigeac\/saint-cernin-promenade\/index.asp\" target=\"_blank\" rel=\"noopener noreferrer\">Saint Cernin de Labarde &#8211; Promenade de Saint Cernin<\/a><\/span><\/td>\n<td align=\"center\" bgcolor=\"#339966\" width=\"24%\" height=\"12\"><span style=\"font-family: 'Trebuchet MS'; font-size: small;\">2,6 km<\/span><\/td>\n<\/tr>\n<tr>\n<td width=\"76%\" height=\"12\"><span style=\"font-family: 'Trebuchet MS'; font-size: small;\"><a href=\"http:\/\/www.pays-de-bergerac.com\/pages\/randonnees\/boucles\/Autour-d-Issigeac\/saint-leon-boucle-st-leon\/index.asp\" target=\"_blank\" rel=\"noopener noreferrer\">Saint L\u00e9on d&#8217;Issigeac &#8211; Boucle de Saint L\u00e9on<\/a><\/span><\/td>\n<td align=\"center\" bgcolor=\"#FFCC00\" width=\"24%\" height=\"12\"><span style=\"font-family: 'Trebuchet MS'; font-size: small;\">6,2 km<\/span><\/td>\n<\/tr>\n<tr>\n<td width=\"76%\" height=\"12\"><span style=\"font-family: 'Trebuchet MS'; font-size: small;\"><a href=\"http:\/\/www.pays-de-bergerac.com\/pages\/randonnees\/boucles\/Autour-d-Issigeac\/saint-perdoux-boucle-st-perdoux\/index.asp\" target=\"_blank\" rel=\"noopener noreferrer\">Saint Perdoux &#8211; Boucle de Saint Perdoux<\/a><\/span><\/td>\n<td align=\"center\" bgcolor=\"#339966\" width=\"24%\" height=\"12\"><span style=\"font-family: 'Trebuchet MS'; font-size: small;\">5,7 km<\/span><\/td>\n<\/tr>\n<tr>\n<td width=\"76%\" height=\"12\"><span style=\"font-family: 'Trebuchet MS'; font-size: small;\"><a href=\"http:\/\/www.pays-de-bergerac.com\/pages\/randonnees\/boucles\/Autour-d-Issigeac\/sainte-radegonde-roquepine\/index.asp\" target=\"_blank\" rel=\"noopener noreferrer\">Sainte Radegonde &#8211; Boucle de Roquepine<\/a><\/span><\/td>\n<td align=\"center\" bgcolor=\"#FF0000\" width=\"24%\" height=\"12\"><span style=\"font-family: 'Trebuchet MS'; font-size: small;\">11,1 km<\/span><\/td>\n<\/tr>\n<\/tbody>\n<\/table>\n","protected":false},"excerpt":{"rendered":"<p>Le site du Pays du Grand Bergeracois vous propose un parcours de visite comment\u00e9e que vous pouvez suivre depuis votre&nbsp;smartphone. Vous trouverez ci-dessous&nbsp;quelques parcours propos\u00e9s par la communaut\u00e9 de communes <a class=\"more-link\" href=\"http:\/\/www.issigeac.info\/?page_id=370\">Suite&hellip; &rarr;<\/a><\/p>\n","protected":false},"author":1,"featured_media":2010,"parent":240,"menu_order":0,"comment_status":"closed","ping_status":"closed","template":"","meta":{"footnotes":""},"class_list":["post-370","page","type-page","status-publish","has-post-thumbnail","hentry"],"_links":{"self":[{"href":"http:\/\/www.issigeac.info\/index.php?rest_route=\/wp\/v2\/pages\/370","targetHints":{"allow":["GET"]}}],"collection":[{"href":"http:\/\/www.issigeac.info\/index.php?rest_route=\/wp\/v2\/pages"}],"about":[{"href":"http:\/\/www.issigeac.info\/index.php?rest_route=\/wp\/v2\/types\/page"}],"author":[{"embeddable":true,"href":"http:\/\/www.issigeac.info\/index.php?rest_route=\/wp\/v2\/users\/1"}],"replies":[{"embeddable":true,"href":"http:\/\/www.issigeac.info\/index.php?rest_route=%2Fwp%2Fv2%2Fcomments&post=370"}],"version-history":[{"count":9,"href":"http:\/\/www.issigeac.info\/index.php?rest_route=\/wp\/v2\/pages\/370\/revisions"}],"predecessor-version":[{"id":2011,"href":"http:\/\/www.issigeac.info\/index.php?rest_route=\/wp\/v2\/pages\/370\/revisions\/2011"}],"up":[{"embeddable":true,"href":"http:\/\/www.issigeac.info\/index.php?rest_route=\/wp\/v2\/pages\/240"}],"wp:featuredmedia":[{"embeddable":true,"href":"http:\/\/www.issigeac.info\/index.php?rest_route=\/wp\/v2\/media\/2010"}],"wp:attachment":[{"href":"http:\/\/www.issigeac.info\/index.php?rest_route=%2Fwp%2Fv2%2Fmedia&parent=370"}],"curies":[{"name":"wp","href":"https:\/\/api.w.org\/{rel}","templated":true}]}}