{"id":414,"date":"2014-06-30T10:09:46","date_gmt":"2014-06-30T08:09:46","guid":{"rendered":"http:\/\/www.issigeac.info\/?page_id=414"},"modified":"2022-10-01T16:28:17","modified_gmt":"2022-10-01T14:28:17","slug":"associations","status":"publish","type":"page","link":"http:\/\/www.issigeac.info\/?page_id=414","title":{"rendered":"Associations"},"content":{"rendered":"<p><span style=\"font-size: inherit;\">Vous pouvez t\u00e9l\u00e9charger la liste des associations du Pays d&#8217;Issigeac avec leur contact et courriel respectifs en cliquant le lien suivant :<\/span><\/p>\n<p><a href=\"http:\/\/www.issigeac.info\/wp-content\/uploads\/2022\/10\/Liste-des-associations-01022022.pdf\">liste des associations en Pays d&#8217;Issigeac<\/a>\u00a0(actualis\u00e9e en octobre 2022)<\/p>\n<hr \/>\n<p><strong>ASSOCIATIONS ISSIGEACOISES :<\/strong><\/p>\n<p>ANIMATION<\/p>\n<ul>\n<li>Les M\u00e9nestrels<\/li>\n<li>Les Amis de Touskiroul<\/li>\n<\/ul>\n<p>ASSOCIATION d&#8217;ANCIENS COMBATTANTS<\/p>\n<ul>\n<li>Anciens Combattants<\/li>\n<\/ul>\n<p>CULTURE<\/p>\n<ul>\n<li>Association Les Couleurs de Pierre Belv\u00e8s<\/li>\n<li>Association Les Amis de Michel Jeury<\/li>\n<li>Issigeac, Passion Patrimoine<\/li>\n<\/ul>\n<p>DIVERS<\/p>\n<ul>\n<li>Amicale des Pompiers Issigeac<\/li>\n<li>Association Les Amis de l&#8217;Eglise<\/li>\n<li>Association Vent Debout<\/li>\n<\/ul>\n<p>ECONOMIE<\/p>\n<ul>\n<li>ACTIF (Association Commer\u00e7ants Issigeac)<\/li>\n<li>Comice Agricole<\/li>\n<\/ul>\n<p>SOCIAL \/ FAMILLE<\/p>\n<ul>\n<li>Amicale La\u00efque Issigeac<\/li>\n<li>Association Amiti\u00e9 et Loisirs<\/li>\n<li>Coop\u00e9rative Scolaire d&#8217;Issigeac<\/li>\n<li>G\u00e9n\u00e9ration Mouvement Les Amis de la Ban\u00e8ge (Ain\u00e9s Ruraux)<\/li>\n<\/ul>\n<p>SPORT<\/p>\n<ul>\n<li>Association Boule Lyonnaise Issigeac<\/li>\n<li>Double Corps<\/li>\n<li>Roseau Issigeacois<\/li>\n<li>Soci\u00e9t\u00e9 de Chasse Issigeac\/Monmarv\u00e8s<\/li>\n<li>Soci\u00e9t\u00e9 des Courses<\/li>\n<li>Tennis Club Issigeacois<\/li>\n<li>Union Athl\u00e9tique Issigeacoise<\/li>\n<li>Amicale du centenaire de l&#8217;U.A.I.<\/li>\n<\/ul>\n","protected":false},"excerpt":{"rendered":"<p>Vous pouvez t\u00e9l\u00e9charger la liste des associations du Pays d&#8217;Issigeac avec leur contact et courriel respectifs en cliquant le lien suivant : liste des associations en Pays d&#8217;Issigeac\u00a0(actualis\u00e9e en octobre <a class=\"more-link\" href=\"http:\/\/www.issigeac.info\/?page_id=414\">Suite&hellip; &rarr;<\/a><\/p>\n","protected":false},"author":1,"featured_media":2173,"parent":35,"menu_order":0,"comment_status":"closed","ping_status":"closed","template":"","meta":{"footnotes":""},"class_list":["post-414","page","type-page","status-publish","has-post-thumbnail","hentry"],"_links":{"self":[{"href":"http:\/\/www.issigeac.info\/index.php?rest_route=\/wp\/v2\/pages\/414","targetHints":{"allow":["GET"]}}],"collection":[{"href":"http:\/\/www.issigeac.info\/index.php?rest_route=\/wp\/v2\/pages"}],"about":[{"href":"http:\/\/www.issigeac.info\/index.php?rest_route=\/wp\/v2\/types\/page"}],"author":[{"embeddable":true,"href":"http:\/\/www.issigeac.info\/index.php?rest_route=\/wp\/v2\/users\/1"}],"replies":[{"embeddable":true,"href":"http:\/\/www.issigeac.info\/index.php?rest_route=%2Fwp%2Fv2%2Fcomments&post=414"}],"version-history":[{"count":15,"href":"http:\/\/www.issigeac.info\/index.php?rest_route=\/wp\/v2\/pages\/414\/revisions"}],"predecessor-version":[{"id":2713,"href":"http:\/\/www.issigeac.info\/index.php?rest_route=\/wp\/v2\/pages\/414\/revisions\/2713"}],"up":[{"embeddable":true,"href":"http:\/\/www.issigeac.info\/index.php?rest_route=\/wp\/v2\/pages\/35"}],"wp:featuredmedia":[{"embeddable":true,"href":"http:\/\/www.issigeac.info\/index.php?rest_route=\/wp\/v2\/media\/2173"}],"wp:attachment":[{"href":"http:\/\/www.issigeac.info\/index.php?rest_route=%2Fwp%2Fv2%2Fmedia&parent=414"}],"curies":[{"name":"wp","href":"https:\/\/api.w.org\/{rel}","templated":true}]}}