{"id":571,"date":"2014-11-20T19:48:44","date_gmt":"2014-11-20T17:48:44","guid":{"rendered":"http:\/\/www.issigeac.info\/?page_id=571"},"modified":"2023-06-03T19:40:14","modified_gmt":"2023-06-03T17:40:14","slug":"urbanisme","status":"publish","type":"page","link":"http:\/\/www.issigeac.info\/?page_id=571","title":{"rendered":"Urbanisme"},"content":{"rendered":"<p>Issigeac poss\u00e8de un zone de son territoire en zone prot\u00e9g\u00e9e ou Zone de Protection du Patrimoine Architectural, Urbain et Paysager. <br>Les documents de la ZPPAUP sont consultable sur le site de la direction r\u00e9gionale des affaires culturelles d&#8217;Aquitaine (DRAC) :<\/p>\n<p><a href=\"https:\/\/www.culture.gouv.fr\/Media\/Medias-creation-rapide\/Reglement-Issigeac.pdf\" target=\"_blank\" rel=\"noopener\">Consulter le r\u00e8glement Zone prot\u00e9g\u00e9e Issigeac &#8211; DRAC Nouvelle Aquitaine<\/a><\/p>\n<p style=\"text-align: center;\">&#8212;&#8212;&#8212;&#8212;&#8212;&#8212;&#8212;&#8212;&#8212;<\/p>\n<p style=\"text-align: center;\"><strong>CONSULTEZ le PLAN DE CADASTRE d&#8217;Issigeac<\/strong><\/p>\n<p>Saisir l&#8217;adresse ou lieu dit, le code postal 24560.Vous obtenez une vue de la parcelle et pouvez r\u00e9cup\u00e9rer un fichier au format A3 (double A4).<\/p>\n\n\n<div class=\"wp-block-buttons is-layout-flex wp-block-buttons-is-layout-flex\">\n<div class=\"wp-block-button has-custom-width wp-block-button__width-50 has-custom-font-size is-style-outline has-normal-font-size is-style-outline--1\"><a class=\"wp-block-button__link has-black-color has-yellow-background-color has-text-color has-background wp-element-button\" href=\"https:\/\/cadastre.gouv.fr\/scpc\/accueil.do\" style=\"border-radius:43px\" target=\"_blank\" rel=\"noreferrer noopener\">cadastre.gouv.fr<\/a><\/div>\n<\/div>\n","protected":false},"excerpt":{"rendered":"<p>Issigeac poss\u00e8de un zone de son territoire en zone prot\u00e9g\u00e9e ou Zone de Protection du Patrimoine Architectural, Urbain et Paysager. Les documents de la ZPPAUP sont consultable sur le site <a class=\"more-link\" href=\"http:\/\/www.issigeac.info\/?page_id=571\">Suite&hellip; &rarr;<\/a><\/p>\n","protected":false},"author":1,"featured_media":2173,"parent":0,"menu_order":0,"comment_status":"closed","ping_status":"closed","template":"","meta":{"footnotes":""},"class_list":["post-571","page","type-page","status-publish","has-post-thumbnail","hentry"],"_links":{"self":[{"href":"http:\/\/www.issigeac.info\/index.php?rest_route=\/wp\/v2\/pages\/571","targetHints":{"allow":["GET"]}}],"collection":[{"href":"http:\/\/www.issigeac.info\/index.php?rest_route=\/wp\/v2\/pages"}],"about":[{"href":"http:\/\/www.issigeac.info\/index.php?rest_route=\/wp\/v2\/types\/page"}],"author":[{"embeddable":true,"href":"http:\/\/www.issigeac.info\/index.php?rest_route=\/wp\/v2\/users\/1"}],"replies":[{"embeddable":true,"href":"http:\/\/www.issigeac.info\/index.php?rest_route=%2Fwp%2Fv2%2Fcomments&post=571"}],"version-history":[{"count":14,"href":"http:\/\/www.issigeac.info\/index.php?rest_route=\/wp\/v2\/pages\/571\/revisions"}],"predecessor-version":[{"id":2946,"href":"http:\/\/www.issigeac.info\/index.php?rest_route=\/wp\/v2\/pages\/571\/revisions\/2946"}],"wp:featuredmedia":[{"embeddable":true,"href":"http:\/\/www.issigeac.info\/index.php?rest_route=\/wp\/v2\/media\/2173"}],"wp:attachment":[{"href":"http:\/\/www.issigeac.info\/index.php?rest_route=%2Fwp%2Fv2%2Fmedia&parent=571"}],"curies":[{"name":"wp","href":"https:\/\/api.w.org\/{rel}","templated":true}]}}